 h(11)?
9
Suppose -2*t = 2*y - 8346, -8*y + 6*y = -4*t + 16692. Let i = t + -2469. What is the hundreds digit of i?
7
Let b = -254 - -362. Let o = 656 - b. What is the tens digit of o?
4
Let b(r) be the second derivative of -16*r**3 - 17*r**2/2 - 36*r. What is the tens digit of b(-4)?
6
Let t(s) = 8*s**2 - s - 56. Let z = 291 - 280. What is the tens digit of t(z)?
0
Suppose x - 1231 - 172 = 0. Suppose -x = -5*q + 3*a, -2 = a + a. Suppose 10*w - q = 3*w. What is the units digit of w?
0
Suppose 0 = n - 5*o - 2858, -6*n + 11356 = -2*n - o. What is the units digit of n?
8
Let k(y) = -12*y - 9. Let z be k(-3). Let l = 61 - z. Let h = l - 3. What is the tens digit of h?
3
What is the hundreds digit of 87880/5 + (46 - 39)?
5
Let t = 26318 - 14622. What is the tens digit of t?
9
Suppose -16 = -j - 0*j + 4*t, 3*j - 41 = 5*t. Suppose 2*n + 1 = -3*w + 14, 2*n + 2*w - j = 0. Suppose -n*q + 16 = -q. What is the units digit of q?
4
Let g = -246 + 5464. What is the hundreds digit of g?
2
Suppose k = 4*k + 4*t - 1040, -2*k + 3*t = -699. Suppose d + 43 = k. What is the hundreds digit of d?
3
Let x = 18332 - -39025. What is the thousands digit of x?
7
Let i(o) = 43*o**2 - 83*o - 430. What is the hundreds digit of i(-28)?
6
Let h(t) = 4*t - 3. Let i be h(2). Suppose 0*x - 80 = -i*x. What is the units digit of x/32*(0 - -14)?
7
Suppose -1379 = 10*d + 7641. Let f = d + 236. Let g = -464 - f. What is the units digit of g?
2
Let w(f) = 4*f - 6. Let u be w(2). Suppose -3*a - 2 = u*p, a = -4*a + 10. Let x(d) = 3*d**2 - 3*d + 2. What is the units digit of x(p)?
2
Suppose g = -3*t - 13, -4*t + 7 = g - 5*t. Suppose -g*d + 1546 = 4*u, 0 = -u + 3*d - d + 399. What is the tens digit of u?
8
Suppose 8*d - 37 = 9*d. Let o = 41 + d. Suppose o*b = -2*p + 40, 3*b + 6*p = 8*p + 44. What is the tens digit of b?
1
Suppose 2125007 = -1184*j + 1321*j. What is the tens digit of j?
1
Suppose 1824 = -6*k - 3480. Let u = -470 - k. What is the hundreds digit of u?
4
Let z(k) = -30*k**2 - 2330*k + 14. What is the tens digit of z(-60)?
1
Suppose 5*b - 2*h = -896, -3*h + 64 = -2*b - 290. Let m = b - -345. What is the hundreds digit of m?
1
Let h = 582 - 579. Let p = 30 + -57. Let u = h - p. What is the units digit of u?
0
Suppose 3*j - g = -6, -5*g + 7 - 37 = 5*j. Let u be (j/(-6))/(2/44). Let z = 36 - u. What is the tens digit of z?
2
What is the units digit of ((-17994)/24)/((-49)/588)?
7
Let v = 40 - 8. Suppose 4*x - v = -6*z + z, -4*x + 12 = 0. Suppose -z*g = 3*y - 109, -8*y + 3*y = -2*g + 87. What is the units digit of g?
1
Let q be ((-3)/5 - (-14)/(-35))/(-1). Let o be 0/((q - (-12)/4) + -3). Suppose 2*u + 51 - 407 = o. What is the units digit of u?
8
Let j(b) = -850*b + 2092. What is the ten thousands digit of j(-11)?
1
Let k = 23766 + -7521. What is the thousands digit of k?
6
Suppose 4*y = 0, -y + 275 = 2*q + 87. Suppose -t = q - 901. What is the tens digit of t?
0
Suppose -q + 2 = 2*d, 4*d + 66 = 15*q - 10*q. Suppose -50*v + 51120 = -q*v. What is the hundreds digit of v?
2
Suppose 10*u - 15*u + 1568 = -4*n, -u - 2*n = -336. What is the hundreds digit of u?
3
Suppose -83*q + 62*q = -483. What is the units digit of q?
3
Suppose 20339 - 11707 = 11*v - 23048. What is the thousands digit of v?
2
Let g(a) = -2665*a - 529. What is the tens digit of g(-5)?
9
Let l = 8894 - 8991. Let u(p) = -134*p**2 - p + 1. Let x be u(1). Let b = l - x. What is the tens digit of b?
3
Let q(v) = v**2 - 6*v + 9. Let b be q(3). Suppose -g + 2*f = -0*f, b = 2*f + 6. What is the hundreds digit of 185 - (8/g)/((-30)/(-45))?
1
Suppose -5 - 3 = -4*r, -5*r = 3*u - 31. Let x(t) = 7*t - 49. Let f(d) = -d**2 - 13*d + 98. Let o(h) = -3*f(h) - 5*x(h). What is the units digit of o(u)?
6
What is the units digit of (4/7)/((-2)/(-7)) - (-23 + -15521)?
6
Let s(c) = -c**2 + 5*c - 2. Let m be s(2). Suppose -m*o = -128 - 2092. What is the units digit of o?
5
Let j = -856 - -1901. Suppose 28*c - 4853 = -j. What is the units digit of c?
6
Let h = 48 + -38. Suppose 6*v - h*v = -5*a - 1434, v - 4*a = 353. What is the units digit of v?
1
Suppose 2*s - 5701 = -3*c - 538, -3*c - 4*s = -5169. Let r = c - 951. What is the hundreds digit of r?
7
Let p = 7198 - -959. What is the thousands digit of p?
8
Suppose -2*g = -4*g + 8. Let k be g - (1 + 3/3). Suppose -3*x + x + k*a = -178, x + 4*a = 74. What is the units digit of x?
6
Let v(m) = -m**3 + 9*m**2 - 9*m + 12. Let k be v(8). Let p be (9/12)/(3/16). Suppose -4*z + 286 = 2*a + 3*a, -k*a = -p*z + 268. What is the tens digit of z?
6
Let b = 5946 + -4169. What is the hundreds digit of b?
7
Suppose -23219 - 10292 = -3*o + a, -3*a = -5*o + 55861. What is the ten thousands digit of o?
1
Suppose 17*z = -21 - 115. What is the tens digit of (-4930)/z + 0 - (-2)/(-8)?
1
Suppose -2*y = -0*y - 44*y + 464646. What is the hundreds digit of y?
0
Let y = -12 - -18. Let w be ((-8)/(-3) - y/9) + 1. Suppose 3 + 2 = -o, w*j + 3*o = 459. What is the tens digit of j?
5
Let t(y) = 25*y**2 - 3*y - 3. Let h be t(-1). Let x be -4 - 0 - (-47 - -5). Let n = h + x. What is the units digit of n?
3
Let l = -5034 - -10145. What is the tens digit of l?
1
What is the thousands digit of 5/(25/36486) - ((-441)/105)/(-21)?
7
What is the units digit of (-36)/(-72) + 988910/20?
6
Let b(o) = 10659*o - 69. What is the ten thousands digit of b(3)?
3
Let s(t) = 128*t + 146. Suppose 0 = -2*j - 6, 3*j - 13 = -5*z + 3. What is the tens digit of s(z)?
8
Let a(n) = 4*n**3 + n**2 + 9*n - 2. Let b be a(6). Suppose -58*s - 16*s + 1715 = 605. Suppose -23*r + b = -s*r. What is the hundreds digit of r?
1
Let m = 28242 - 6161. What is the tens digit of m?
8
Let q be (-10)/(-55) - (-823)/11. Let s(c) = c + 5. Let x be s(-4). Let o = q + x. What is the tens digit of o?
7
What is the tens digit of (-16)/(-6)*(-961182)/(-536)?
8
Let s(a) = 50*a**3 + 14*a**2 - 54*a + 19. What is the tens digit of s(5)?
4
Let g = -20654 + 47786. What is the hundreds digit of g?
1
Let b(n) = n**2 + 3*n - 13. Let i be b(-6). Suppose -2*j - l = -j - 8, -l - 58 = -i*j. What is the tens digit of (-1 - 3) + (53 - j)?
3
Suppose -4*c = -98 + 38. Let w(r) = 24 + 37 - c - 12*r + 2*r**2 - r**2. What is the units digit of w(6)?
0
Suppose 0 = j + 3, 5*j = 7*x - 4*x - 87. What is the units digit of 0 + 1 + 89 - 72/x?
7
Suppose 96*w - 28*w = -537327 + 2820835. What is the hundreds digit of w?
5
Suppose 0 = -16*x - 2*x + 288. What is the units digit of 7/(-56) + 9730/x?
8
Let i(w) = -231*w**2 + 4*w + 6. Let z(r) = 692*r**2 - 12*r - 16. Let g(n) = 11*i(n) + 4*z(n). What is the hundreds digit of g(-2)?
9
Let v = 33 - 12. Let x be (v/7)/(3 + 3/(-2)). Let n(c) = 17*c - 7. What is the units digit of n(x)?
7
Suppose 117872 = 3*n - 4*j, -5*n = -9*n - 5*j + 157204. What is the units digit of n?
6
Suppose 4*l + l = -n + 6932, -n = 3. Suppose 24*o - l = 317. What is the units digit of o?
1
Suppose 1008*j = -5*q + 1009*j + 112871, 5*q + 5*j - 112865 = 0. What is the thousands digit of q?
2
Let v(g) = -g**2 + 4*g + 10. Let c be v(6). Let h be 25*(c - 12/(-5)). Suppose -5*m = -5*s, 4*m = 2*s - 0*m + h. What is the units digit of s?
5
Suppose 60487 = 5*b + y, -12059 = 45*b - 46*b - 5*y. What is the ten thousands digit of b?
1
What is the thousands digit of -12 - (-3250881)/437 - (-4)/(-46)?
7
Let t(i) = -149*i + 1614. What is the units digit of t(9)?
3
What is the tens digit of 36/45*(-5)/2 - -4402?
0
Suppose 8*t - 4*t = 3*z, 0 = -t. Suppose z = -5*v + 4*x + 425, -x = v - 3*x - 91. What is the tens digit of v?
8
Suppose 5*c = -4*p + 59938, -c - 1433 + 13417 = -p. What is the tens digit of c?
8
Let r(l) = -755*l + 1579. What is the tens digit of r(-7)?
6
Let f(u) = 5*u**3 - 2*u**2 - u + 2. Suppose 0*r = r + 8. Let w(m) = -m**3 - 8*m**2 - 2*m - 13. Let i be w(r). What is the tens digit of f(i)?
1
What is the units digit of -8 + -5 + (11 - -234)?
2
Suppose -p - 5*p + 30 = 0. Suppose 5*w + 3 = r - 1, 4*r - p*w - 46 = 0. Let v(t) = 3*t + 3. What is the units digit of v(r)?
5
Let s = 8826 - -12703. What is the units digit of s?
9
Suppose 2*f - 169 = -2*w + 385, 5*w = 5. Let c be f/(-9) - 8/(-12). Let a = 57 + c. What is the units digit of a?
7
Suppose -59*w + 329120 = -4*w. What is the tens digit of w?
8
Let w = 947 + -523. Let m = w - -362. What is the tens digit of m?
8
Suppose 27 = 4*z + 7,